66.249.64.96 - - [06/Dec/2025:10:38:19 -0800] "GET /?o=91560112095201 HTTP/1.1" 200 - "-" "Mozilla/5.0 (Linux; Android 6.0.1; Nexus 5X Build/MMB29P) AppleWebKit/537.36 (KHTML, like Gecko) Chrome/141.0.7390.122 Mobile Safari/537.36 (compatible; GoogleOther)"
66.249.64.110 - - [06/Dec/2025:10:38:45 -0800] "GET /?o=79493226238206 HTTP/1.1" 200 - "-" "Mozilla/5.0 (Linux; Android 6.0.1; Nexus 5X Build/MMB29P) AppleWebKit/537.36 (KHTML, like Gecko) Chrome/141.0.7390.122 Mobile Safari/537.36 (compatible; GoogleOther)"
66.249.64.110 - - [06/Dec/2025:10:39:04 -0800] "GET /?o=5096057450406 HTTP/1.1" 200 - "-" "Mozilla/5.0 (Linux; Android 6.0.1; Nexus 5X Build/MMB29P) AppleWebKit/537.36 (KHTML, like Gecko) Chrome/141.0.7390.122 Mobile Safari/537.36 (compatible; GoogleOther)"
66.249.64.96 - - [06/Dec/2025:10:39:19 -0800] "GET /?o=82927128166503 HTTP/1.1" 200 194403 "-" "Mozilla/5.0 (Linux; Android 6.0.1; Nexus 5X Build/MMB29P) AppleWebKit/537.36 (KHTML, like Gecko) Chrome/141.0.7390.122 Mobile Safari/537.36 (compatible; Googlebot/2.1; +http://www.google.com/bot.html)"
114.119.150.208 - - [06/Dec/2025:10:39:30 -0800] "GET /?o=11548136589500 HTTP/1.1" 200 - "https://copeastlegondistrict.org/sitemap.xml" "Mozilla/5.0 (Linux; Android 7.0;) AppleWebKit/537.36 (KHTML, like Gecko) Mobile Safari/537.36 (compatible; PetalBot;+https://webmaster.petalsearch.com/site/petalbot)"
114.119.150.208 - - [06/Dec/2025:10:40:53 -0800] "GET /?o=11508103710501 HTTP/1.1" 200 - "https://copeastlegondistrict.org/sitemap.xml" "Mozilla/5.0 (Linux; Android 7.0;) AppleWebKit/537.36 (KHTML, like Gecko) Mobile Safari/537.36 (compatible; PetalBot;+https://webmaster.petalsearch.com/site/petalbot)"
52.167.144.66 - - [06/Dec/2025:10:41:10 -0800] "GET /robots.txt HTTP/1.1" 200 82 "-" "Mozilla/5.0 AppleWebKit/537.36 (KHTML, like Gecko; compatible; bingbot/2.0; +http://www.bing.com/bingbot.htm) Chrome/116.0.1938.76 Safari/537.36"
40.77.167.18 - - [06/Dec/2025:10:41:19 -0800] "GET /sitemap.xml.gz HTTP/1.1" 200 202225 "-" "Mozilla/5.0 AppleWebKit/537.36 (KHTML, like Gecko; compatible; bingbot/2.0; +http://www.bing.com/bingbot.htm) Chrome/116.0.1938.76 Safari/537.36"
114.119.151.107 - - [06/Dec/2025:10:42:17 -0800] "GET /?o=11226258035700 HTTP/1.1" 200 - "https://copeastlegondistrict.org/sitemap.xml" "Mozilla/5.0 (Linux; Android 7.0;) AppleWebKit/537.36 (KHTML, like Gecko) Mobile Safari/537.36 (compatible; PetalBot;+https://webmaster.petalsearch.com/site/petalbot)"
66.249.64.97 - - [06/Dec/2025:10:42:22 -0800] "GET /?o=47210165570200 HTTP/1.1" 200 - "-" "Mozilla/5.0 (Linux; Android 6.0.1; Nexus 5X Build/MMB29P) AppleWebKit/537.36 (KHTML, like Gecko) Chrome/141.0.7390.122 Mobile Safari/537.36 (compatible; GoogleOther)"
114.119.150.208 - - [06/Dec/2025:10:43:41 -0800] "GET /?o=11084258418904 HTTP/1.1" 200 - "https://copeastlegondistrict.org/sitemap.xml" "Mozilla/5.0 (Linux; Android 7.0;) AppleWebKit/537.36 (KHTML, like Gecko) Mobile Safari/537.36 (compatible; PetalBot;+https://webmaster.petalsearch.com/site/petalbot)"
114.119.150.208 - - [06/Dec/2025:10:45:04 -0800] "GET /?o=1099071795600 HTTP/1.1" 200 - "https://copeastlegondistrict.org/sitemap.xml" "Mozilla/5.0 (Linux; Android 7.0;) AppleWebKit/537.36 (KHTML, like Gecko) Mobile Safari/537.36 (compatible; PetalBot;+https://webmaster.petalsearch.com/site/petalbot)"
66.249.64.96 - - [06/Dec/2025:10:46:25 -0800] "GET /?o=82892141594403 HTTP/1.1" 200 - "-" "Mozilla/5.0 (Linux; Android 6.0.1; Nexus 5X Build/MMB29P) AppleWebKit/537.36 (KHTML, like Gecko) Chrome/141.0.7390.122 Mobile Safari/537.36 (compatible; GoogleOther)"
66.249.64.96 - - [06/Dec/2025:10:46:25 -0800] "GET /?o=28682271621703 HTTP/1.1" 200 196670 "-" "Mozilla/5.0 (Linux; Android 6.0.1; Nexus 5X Build/MMB29P) AppleWebKit/537.36 (KHTML, like Gecko) Chrome/141.0.7390.122 Mobile Safari/537.36 (compatible; Googlebot/2.1; +http://www.google.com/bot.html)"
114.119.155.203 - - [06/Dec/2025:10:46:28 -0800] "GET /?o=10910105611601 HTTP/1.1" 200 - "https://copeastlegondistrict.org/sitemap.xml" "Mozilla/5.0 (Linux; Android 7.0;) AppleWebKit/537.36 (KHTML, like Gecko) Mobile Safari/537.36 (compatible; PetalBot;+https://webmaster.petalsearch.com/site/petalbot)"
66.249.64.97 - - [06/Dec/2025:10:47:24 -0800] "GET /?o=61578202103501 HTTP/1.1" 200 - "-" "Mozilla/5.0 (Linux; Android 6.0.1; Nexus 5X Build/MMB29P) AppleWebKit/537.36 (KHTML, like Gecko) Chrome/141.0.7390.122 Mobile Safari/537.36 (compatible; GoogleOther)"
114.119.140.87 - - [06/Dec/2025:10:47:52 -0800] "GET /?o=10822202100901 HTTP/1.1" 200 - "https://copeastlegondistrict.org/sitemap.xml" "Mozilla/5.0 (Linux; Android 7.0;) AppleWebKit/537.36 (KHTML, like Gecko) Mobile Safari/537.36 (compatible; PetalBot;+https://webmaster.petalsearch.com/site/petalbot)"
114.119.151.81 - - [06/Dec/2025:10:49:16 -0800] "GET /?o=10774282213502 HTTP/1.1" 200 - "https://copeastlegondistrict.org/sitemap.xml" "Mozilla/5.0 (Linux; Android 7.0;) AppleWebKit/537.36 (KHTML, like Gecko) Mobile Safari/537.36 (compatible; PetalBot;+https://webmaster.petalsearch.com/site/petalbot)"
66.249.64.96 - - [06/Dec/2025:10:50:15 -0800] "GET /?o=1685111134202 HTTP/1.1" 200 205122 "-" "Mozilla/5.0 (Linux; Android 6.0.1; Nexus 5X Build/MMB29P) AppleWebKit/537.36 (KHTML, like Gecko) Chrome/141.0.7390.122 Mobile Safari/537.36 (compatible; Googlebot/2.1; +http://www.google.com/bot.html)"
66.249.64.96 - - [06/Dec/2025:10:50:16 -0800] "GET /?o=309227081004 HTTP/1.1" 200 - "-" "Mozilla/5.0 (Linux; Android 6.0.1; Nexus 5X Build/MMB29P) AppleWebKit/537.36 (KHTML, like Gecko) Chrome/141.0.7390.122 Mobile Safari/537.36 (compatible; GoogleOther)"
114.119.150.208 - - [06/Dec/2025:10:50:40 -0800] "GET /?o=1072253989301 HTTP/1.1" 200 - "https://copeastlegondistrict.org/sitemap.xml" "Mozilla/5.0 (Linux; Android 7.0;) AppleWebKit/537.36 (KHTML, like Gecko) Mobile Safari/537.36 (compatible; PetalBot;+https://webmaster.petalsearch.com/site/petalbot)"
114.119.151.107 - - [06/Dec/2025:10:52:03 -0800] "GET /?o=10179158866105 HTTP/1.1" 200 - "https://copeastlegondistrict.org/sitemap.xml" "Mozilla/5.0 (Linux; Android 7.0;) AppleWebKit/537.36 (KHTML, like Gecko) Mobile Safari/537.36 (compatible; PetalBot;+https://webmaster.petalsearch.com/site/petalbot)"
66.249.64.96 - - [06/Dec/2025:10:52:27 -0800] "GET /?o=52705280463502 HTTP/1.1" 200 194559 "-" "Mozilla/5.0 (Linux; Android 6.0.1; Nexus 5X Build/MMB29P) AppleWebKit/537.36 (KHTML, like Gecko) Chrome/141.0.7390.122 Mobile Safari/537.36 (compatible; Googlebot/2.1; +http://www.google.com/bot.html)"
66.249.89.160 - - [06/Dec/2025:10:52:52 -0800] "GET /?o=22719139608701 HTTP/1.1" 200 - "-" "Mozilla/5.0 (X11; Linux x86_64) AppleWebKit/537.36 (KHTML, like Gecko) Chrome/141.0.7390.122 Safari/537.36"
114.119.151.107 - - [06/Dec/2025:10:53:26 -0800] "GET /?o=1007061468808 HTTP/1.1" 200 - "https://copeastlegondistrict.org/sitemap.xml" "Mozilla/5.0 (Linux; Android 7.0;) AppleWebKit/537.36 (KHTML, like Gecko) Mobile Safari/537.36 (compatible; PetalBot;+https://webmaster.petalsearch.com/site/petalbot)"
66.249.64.96 - - [06/Dec/2025:10:54:07 -0800] "GET /?o=856442078707 HTTP/1.1" 200 - "-" "Mozilla/5.0 (Linux; Android 6.0.1; Nexus 5X Build/MMB29P) AppleWebKit/537.36 (KHTML, like Gecko) Chrome/141.0.7390.122 Mobile Safari/537.36 (compatible; GoogleOther)"
66.249.64.110 - - [06/Dec/2025:10:54:21 -0800] "GET /?o=7154554000805 HTTP/1.1" 200 202352 "-" "Mozilla/5.0 (Linux; Android 6.0.1; Nexus 5X Build/MMB29P) AppleWebKit/537.36 (KHTML, like Gecko) Chrome/141.0.7390.122 Mobile Safari/537.36 (compatible; Googlebot/2.1; +http://www.google.com/bot.html)"
114.119.157.103 - - [06/Dec/2025:10:54:51 -0800] "GET /?o=1002645027801 HTTP/1.1" 200 - "https://copeastlegondistrict.org/sitemap.xml" "Mozilla/5.0 (Linux; Android 7.0;) AppleWebKit/537.36 (KHTML, like Gecko) Mobile Safari/537.36 (compatible; PetalBot;+https://webmaster.petalsearch.com/site/petalbot)"
66.249.64.96 - - [06/Dec/2025:10:56:14 -0800] "GET /?o=7201722039602 HTTP/1.1" 200 - "-" "Mozilla/5.0 (Linux; Android 6.0.1; Nexus 5X Build/MMB29P) AppleWebKit/537.36 (KHTML, like Gecko) Chrome/141.0.7390.122 Mobile Safari/537.36 (compatible; GoogleOther)"
114.119.157.103 - - [06/Dec/2025:10:56:14 -0800] "GET /?o=09898176212102 HTTP/1.1" 200 - "https://copeastlegondistrict.org/sitemap.xml" "Mozilla/5.0 (Linux; Android 7.0;) AppleWebKit/537.36 (KHTML, like Gecko) Mobile Safari/537.36 (compatible; PetalBot;+https://webmaster.petalsearch.com/site/petalbot)"
66.249.64.96 - - [06/Dec/2025:10:57:20 -0800] "GET /?o=9520193031601 HTTP/1.1" 200 194240 "-" "Mozilla/5.0 (Linux; Android 6.0.1; Nexus 5X Build/MMB29P) AppleWebKit/537.36 (KHTML, like Gecko) Chrome/141.0.7390.122 Mobile Safari/537.36 (compatible; Googlebot/2.1; +http://www.google.com/bot.html)"
66.249.64.96 - - [06/Dec/2025:10:57:20 -0800] "GET /?o=79798285644905 HTTP/1.1" 200 193727 "-" "Mozilla/5.0 (Linux; Android 6.0.1; Nexus 5X Build/MMB29P) AppleWebKit/537.36 (KHTML, like Gecko) Chrome/141.0.7390.122 Mobile Safari/537.36 (compatible; Googlebot/2.1; +http://www.google.com/bot.html)"
114.119.157.103 - - [06/Dec/2025:10:57:37 -0800] "GET /?o=09746284528207 HTTP/1.1" 200 - "https://copeastlegondistrict.org/sitemap.xml" "Mozilla/5.0 (Linux; Android 7.0;) AppleWebKit/537.36 (KHTML, like Gecko) Mobile Safari/537.36 (compatible; PetalBot;+https://webmaster.petalsearch.com/site/petalbot)"
47.238.149.37 - - [06/Dec/2025:10:57:45 -0800] "GET /blog/hello-world/ HTTP/1.1" 200 - "https://copeastlegondistrict.org/blog/hello-world/" "Mozilla/5.0 (Macintosh; Intel Mac OS X 10_15_7) AppleWebKit/537.36 (KHTML, like Gecko) Chrome/123.0.0.0 Safari/537.36"
66.249.64.96 - - [06/Dec/2025:10:57:58 -0800] "GET /?o=4719764112602 HTTP/1.1" 200 - "-" "Mozilla/5.0 (Linux; Android 6.0.1; Nexus 5X Build/MMB29P) AppleWebKit/537.36 (KHTML, like Gecko) Chrome/141.0.7390.122 Mobile Safari/537.36 (compatible; GoogleOther)"
46.250.163.48 - - [06/Dec/2025:10:58:36 -0800] "GET /wp-login.php?reauth=1&redirect_to=https%3a%2f%2fcopeastlegondistrict.org%2fwp-admin%2f HTTP/1.1" 200 - "https://copeastlegondistrict.org/wp-login.php?reauth=1&redirect_to=https%3a%2f%2fcopeastlegondistrict.org%2fwp-admin%2f" "Mozilla/5.0 (Macintosh; Intel Mac OS X 10_15_7) AppleWebKit/537.36 (KHTML, like Gecko) Chrome/123.0.0.0 Safari/537.36"
114.119.151.107 - - [06/Dec/2025:10:59:02 -0800] "GET /?o=0961036147200 HTTP/1.1" 200 - "https://copeastlegondistrict.org/sitemap.xml" "Mozilla/5.0 (Linux; Android 7.0;) AppleWebKit/537.36 (KHTML, like Gecko) Mobile Safari/537.36 (compatible; PetalBot;+https://webmaster.petalsearch.com/site/petalbot)"
114.119.158.203 - - [06/Dec/2025:11:00:25 -0800] "GET /?o=0947135142301 HTTP/1.1" 200 - "https://copeastlegondistrict.org/sitemap.xml" "Mozilla/5.0 (Linux; Android 7.0;) AppleWebKit/537.36 (KHTML, like Gecko) Mobile Safari/537.36 (compatible; PetalBot;+https://webmaster.petalsearch.com/site/petalbot)"
66.249.64.97 - - [06/Dec/2025:11:01:19 -0800] "GET /?o=01761226662003 HTTP/1.1" 200 192426 "-" "Mozilla/5.0 (Linux; Android 6.0.1; Nexus 5X Build/MMB29P) AppleWebKit/537.36 (KHTML, like Gecko) Chrome/141.0.7390.122 Mobile Safari/537.36 (compatible; Googlebot/2.1; +http://www.google.com/bot.html)"
8.210.24.53 - - [06/Dec/2025:11:01:37 -0800] "GET /wp-login.php?action=lostpassword HTTP/1.1" 200 - "https://copeastlegondistrict.org/wp-login.php?action=lostpassword" "Mozilla/5.0 (Macintosh; Intel Mac OS X 10_15_7) AppleWebKit/537.36 (KHTML, like Gecko) Chrome/120.0.0.0 Safari/537.36"
66.249.64.96 - - [06/Dec/2025:11:01:48 -0800] "GET /?o=11155232532204 HTTP/1.1" 200 - "-" "Mozilla/5.0 (Linux; Android 6.0.1; Nexus 5X Build/MMB29P) AppleWebKit/537.36 (KHTML, like Gecko) Chrome/141.0.7390.122 Mobile Safari/537.36 (compatible; GoogleOther)"
114.119.150.208 - - [06/Dec/2025:11:01:49 -0800] "GET /?o=09292142587800 HTTP/1.1" 200 - "https://copeastlegondistrict.org/sitemap.xml" "Mozilla/5.0 (Linux; Android 7.0;) AppleWebKit/537.36 (KHTML, like Gecko) Mobile Safari/537.36 (compatible; PetalBot;+https://webmaster.petalsearch.com/site/petalbot)"
114.119.157.103 - - [06/Dec/2025:11:03:12 -0800] "GET /?o=0915759006600 HTTP/1.1" 200 - "https://copeastlegondistrict.org/sitemap.xml" "Mozilla/5.0 (Linux; Android 7.0;) AppleWebKit/537.36 (KHTML, like Gecko) Mobile Safari/537.36 (compatible; PetalBot;+https://webmaster.petalsearch.com/site/petalbot)"
66.249.64.96 - - [06/Dec/2025:11:04:16 -0800] "GET /?o=8694284306601 HTTP/1.1" 200 189339 "-" "Mozilla/5.0 (Linux; Android 6.0.1; Nexus 5X Build/MMB29P) AppleWebKit/537.36 (KHTML, like Gecko) Chrome/141.0.7390.122 Mobile Safari/537.36 (compatible; Googlebot/2.1; +http://www.google.com/bot.html)"
114.119.151.81 - - [06/Dec/2025:11:04:37 -0800] "GET /?o=0888348198202 HTTP/1.1" 200 - "https://copeastlegondistrict.org/sitemap.xml" "Mozilla/5.0 (Linux; Android 7.0;) AppleWebKit/537.36 (KHTML, like Gecko) Mobile Safari/537.36 (compatible; PetalBot;+https://webmaster.petalsearch.com/site/petalbot)"
66.249.64.110 - - [06/Dec/2025:11:05:03 -0800] "GET /?o=03809123658801 HTTP/1.1" 200 - "-" "Mozilla/5.0 (Linux; Android 6.0.1; Nexus 5X Build/MMB29P) AppleWebKit/537.36 (KHTML, like Gecko) Chrome/141.0.7390.122 Mobile Safari/537.36 (compatible; GoogleOther)"
66.249.64.110 - - [06/Dec/2025:11:05:39 -0800] "GET /?o=98698205581409 HTTP/1.1" 200 - "-" "Mozilla/5.0 (Linux; Android 6.0.1; Nexus 5X Build/MMB29P) AppleWebKit/537.36 (KHTML, like Gecko) Chrome/141.0.7390.122 Mobile Safari/537.36 (compatible; GoogleOther)"
114.119.150.208 - - [06/Dec/2025:11:06:02 -0800] "GET /?o=0885813815208 HTTP/1.1" 200 - "https://copeastlegondistrict.org/sitemap.xml" "Mozilla/5.0 (Linux; Android 7.0;) AppleWebKit/537.36 (KHTML, like Gecko) Mobile Safari/537.36 (compatible; PetalBot;+https://webmaster.petalsearch.com/site/petalbot)"
114.119.150.208 - - [06/Dec/2025:11:07:24 -0800] "GET /?o=0880860106600 HTTP/1.1" 200 - "https://copeastlegondistrict.org/sitemap.xml" "Mozilla/5.0 (Linux; Android 7.0;) AppleWebKit/537.36 (KHTML, like Gecko) Mobile Safari/537.36 (compatible; PetalBot;+https://webmaster.petalsearch.com/site/petalbot)"
66.249.64.110 - - [06/Dec/2025:11:08:15 -0800] "GET /?o=4898558807000 HTTP/1.1" 200 197024 "-" "Mozilla/5.0 (Linux; Android 6.0.1; Nexus 5X Build/MMB29P) AppleWebKit/537.36 (KHTML, like Gecko) Chrome/141.0.7390.122 Mobile Safari/537.36 (compatible; Googlebot/2.1; +http://www.google.com/bot.html)"
114.119.151.81 - - [06/Dec/2025:11:08:47 -0800] "GET /?o=08717179178506 HTTP/1.1" 200 - "https://copeastlegondistrict.org/sitemap.xml" "Mozilla/5.0 (Linux; Android 7.0;) AppleWebKit/537.36 (KHTML, like Gecko) Mobile Safari/537.36 (compatible; PetalBot;+https://webmaster.petalsearch.com/site/petalbot)"
66.249.64.110 - - [06/Dec/2025:11:09:11 -0800] "GET /?o=30707209641401 HTTP/1.1" 200 188699 "-" "Mozilla/5.0 (Linux; Android 6.0.1; Nexus 5X Build/MMB29P) AppleWebKit/537.36 (KHTML, like Gecko) Chrome/141.0.7390.122 Mobile Safari/537.36 (compatible; Googlebot/2.1; +http://www.google.com/bot.html)"
114.119.158.203 - - [06/Dec/2025:11:10:12 -0800] "GET /?o=08689101513904 HTTP/1.1" 200 - "https://copeastlegondistrict.org/sitemap.xml" "Mozilla/5.0 (Linux; Android 7.0;) AppleWebKit/537.36 (KHTML, like Gecko) Mobile Safari/537.36 (compatible; PetalBot;+https://webmaster.petalsearch.com/site/petalbot)"
66.249.64.110 - - [06/Dec/2025:11:11:30 -0800] "GET /?o=1721063954207 HTTP/1.1" 200 196997 "-" "Mozilla/5.0 (Linux; Android 6.0.1; Nexus 5X Build/MMB29P) AppleWebKit/537.36 (KHTML, like Gecko) Chrome/141.0.7390.122 Mobile Safari/537.36 (compatible; Googlebot/2.1; +http://www.google.com/bot.html)"
114.119.150.208 - - [06/Dec/2025:11:11:35 -0800] "GET /?o=08239188368600 HTTP/1.1" 200 - "https://copeastlegondistrict.org/sitemap.xml" "Mozilla/5.0 (Linux; Android 7.0;) AppleWebKit/537.36 (KHTML, like Gecko) Mobile Safari/537.36 (compatible; PetalBot;+https://webmaster.petalsearch.com/site/petalbot)"
114.119.158.203 - - [06/Dec/2025:11:12:59 -0800] "GET /?o=08202210542100 HTTP/1.1" 200 - "https://copeastlegondistrict.org/sitemap.xml" "Mozilla/5.0 (Linux; Android 7.0;) AppleWebKit/537.36 (KHTML, like Gecko) Mobile Safari/537.36 (compatible; PetalBot;+https://webmaster.petalsearch.com/site/petalbot)"
66.249.64.96 - - [06/Dec/2025:11:13:21 -0800] "GET /?o=98544123412103 HTTP/1.1" 200 - "-" "Mozilla/5.0 (Linux; Android 6.0.1; Nexus 5X Build/MMB29P) AppleWebKit/537.36 (KHTML, like Gecko) Chrome/141.0.7390.122 Mobile Safari/537.36 (compatible; GoogleOther)"
66.249.64.110 - - [06/Dec/2025:11:13:53 -0800] "GET /?o=88123139398000 HTTP/1.1" 200 - "-" "Mozilla/5.0 (Linux; Android 6.0.1; Nexus 5X Build/MMB29P) AppleWebKit/537.36 (KHTML, like Gecko) Chrome/141.0.7390.122 Mobile Safari/537.36 (compatible; GoogleOther)"
114.119.140.87 - - [06/Dec/2025:11:14:23 -0800] "GET /?o=07649261494704 HTTP/1.1" 200 - "https://copeastlegondistrict.org/sitemap.xml" "Mozilla/5.0 (Linux; Android 7.0;) AppleWebKit/537.36 (KHTML, like Gecko) Mobile Safari/537.36 (compatible; PetalBot;+https://webmaster.petalsearch.com/site/petalbot)"
114.119.133.103 - - [06/Dec/2025:11:15:47 -0800] "GET /?o=07388112709600 HTTP/1.1" 200 - "https://copeastlegondistrict.org/sitemap.xml" "Mozilla/5.0 (Linux; Android 7.0;) AppleWebKit/537.36 (KHTML, like Gecko) Mobile Safari/537.36 (compatible; PetalBot;+https://webmaster.petalsearch.com/site/petalbot)"
91.224.92.150 - - [06/Dec/2025:11:16:44 -0800] "HEAD / HTTP/1.1" 200 - "-" "python-requests/2.32.5"
91.224.92.150 - - [06/Dec/2025:11:16:45 -0800] "GET /wp-admin/ HTTP/1.1" 200 12169 "binance.com" "Mozilla/5.0 (Macintosh; Intel Mac OS X 14_3) AppleWebKit/537.36 (KHTML, like Gecko) Chrome/121.0.0.0 Safari/537.36"
114.119.150.208 - - [06/Dec/2025:11:17:10 -0800] "GET /?o=0727248925100 HTTP/1.1" 200 - "https://copeastlegondistrict.org/sitemap.xml" "Mozilla/5.0 (Linux; Android 7.0;) AppleWebKit/537.36 (KHTML, like Gecko) Mobile Safari/537.36 (compatible; PetalBot;+https://webmaster.petalsearch.com/site/petalbot)"
66.249.64.97 - - [06/Dec/2025:11:17:11 -0800] "GET /?o=1217893856401 HTTP/1.1" 200 - "-" "Mozilla/5.0 (Linux; Android 6.0.1; Nexus 5X Build/MMB29P) AppleWebKit/537.36 (KHTML, like Gecko) Chrome/141.0.7390.122 Mobile Safari/537.36 (compatible; GoogleOther)"
66.249.64.110 - - [06/Dec/2025:11:18:34 -0800] "GET /?o=16078216667501 HTTP/1.1" 200 197141 "-" "Mozilla/5.0 (Linux; Android 6.0.1; Nexus 5X Build/MMB29P) AppleWebKit/537.36 (KHTML, like Gecko) Chrome/141.0.7390.122 Mobile Safari/537.36 (compatible; Googlebot/2.1; +http://www.google.com/bot.html)"
114.119.150.208 - - [06/Dec/2025:11:18:34 -0800] "GET /?o=0717227768001 HTTP/1.1" 200 - "https://copeastlegondistrict.org/sitemap.xml" "Mozilla/5.0 (Linux; Android 7.0;) AppleWebKit/537.36 (KHTML, like Gecko) Mobile Safari/537.36 (compatible; PetalBot;+https://webmaster.petalsearch.com/site/petalbot)"
114.119.151.81 - - [06/Dec/2025:11:19:57 -0800] "GET /?o=07161166838801 HTTP/1.1" 200 - "https://copeastlegondistrict.org/sitemap.xml" "Mozilla/5.0 (Linux; Android 7.0;) AppleWebKit/537.36 (KHTML, like Gecko) Mobile Safari/537.36 (compatible; PetalBot;+https://webmaster.petalsearch.com/site/petalbot)"
66.249.64.97 - - [06/Dec/2025:11:21:02 -0800] "GET /?o=6230125230500 HTTP/1.1" 200 - "-" "Mozilla/5.0 (Linux; Android 6.0.1; Nexus 5X Build/MMB29P) AppleWebKit/537.36 (KHTML, like Gecko) Chrome/141.0.7390.122 Mobile Safari/537.36 (compatible; GoogleOther)"
114.119.140.87 - - [06/Dec/2025:11:21:21 -0800] "GET /?o=0713920039000 HTTP/1.1" 200 - "https://copeastlegondistrict.org/sitemap.xml" "Mozilla/5.0 (Linux; Android 7.0;) AppleWebKit/537.36 (KHTML, like Gecko) Mobile Safari/537.36 (compatible; PetalBot;+https://webmaster.petalsearch.com/site/petalbot)"
66.249.64.97 - - [06/Dec/2025:11:22:30 -0800] "GET /?o=9279383888706 HTTP/1.1" 200 194018 "-" "Mozilla/5.0 (Linux; Android 6.0.1; Nexus 5X Build/MMB29P) AppleWebKit/537.36 (KHTML, like Gecko) Chrome/141.0.7390.122 Mobile Safari/537.36 (compatible; Googlebot/2.1; +http://www.google.com/bot.html)"
66.249.64.96 - - [06/Dec/2025:11:22:42 -0800] "GET /?o=2669812677003 HTTP/1.1" 200 - "-" "Mozilla/5.0 (Linux; Android 6.0.1; Nexus 5X Build/MMB29P) AppleWebKit/537.36 (KHTML, like Gecko) Chrome/141.0.7390.122 Mobile Safari/537.36 (compatible; GoogleOther)"
114.119.151.107 - - [06/Dec/2025:11:22:45 -0800] "GET /?o=07137201565110 HTTP/1.1" 200 - "https://copeastlegondistrict.org/sitemap.xml" "Mozilla/5.0 (Linux; Android 7.0;) AppleWebKit/537.36 (KHTML, like Gecko) Mobile Safari/537.36 (compatible; PetalBot;+https://webmaster.petalsearch.com/site/petalbot)"
114.119.157.103 - - [06/Dec/2025:11:24:09 -0800] "GET /?o=07131133606002 HTTP/1.1" 200 - "https://copeastlegondistrict.org/sitemap.xml" "Mozilla/5.0 (Linux; Android 7.0;) AppleWebKit/537.36 (KHTML, like Gecko) Mobile Safari/537.36 (compatible; PetalBot;+https://webmaster.petalsearch.com/site/petalbot)"
66.249.64.96 - - [06/Dec/2025:11:24:52 -0800] "GET /?o=58270136321606 HTTP/1.1" 200 194745 "-" "Mozilla/5.0 (Linux; Android 6.0.1; Nexus 5X Build/MMB29P) AppleWebKit/537.36 (KHTML, like Gecko) Chrome/141.0.7390.122 Mobile Safari/537.36 (compatible; Googlebot/2.1; +http://www.google.com/bot.html)"
66.249.64.110 - - [06/Dec/2025:11:24:53 -0800] "GET /?o=11888103302302 HTTP/1.1" 200 - "-" "Mozilla/5.0 (Linux; Android 6.0.1; Nexus 5X Build/MMB29P) AppleWebKit/537.36 (KHTML, like Gecko) Chrome/141.0.7390.122 Mobile Safari/537.36 (compatible; GoogleOther)"
114.119.151.81 - - [06/Dec/2025:11:25:31 -0800] "GET /?o=07038275328901 HTTP/1.1" 200 - "https://copeastlegondistrict.org/sitemap.xml" "Mozilla/5.0 (Linux; Android 7.0;) AppleWebKit/537.36 (KHTML, like Gecko) Mobile Safari/537.36 (compatible; PetalBot;+https://webmaster.petalsearch.com/site/petalbot)"
66.249.64.110 - - [06/Dec/2025:11:26:13 -0800] "GET /?o=66929271660810 HTTP/1.1" 200 197970 "-" "Mozilla/5.0 (Linux; Android 6.0.1; Nexus 5X Build/MMB29P) AppleWebKit/537.36 (KHTML, like Gecko) Chrome/141.0.7390.122 Mobile Safari/537.36 (compatible; Googlebot/2.1; +http://www.google.com/bot.html)"
114.119.151.81 - - [06/Dec/2025:11:26:55 -0800] "GET /?o=070195032602 HTTP/1.1" 200 - "https://copeastlegondistrict.org/sitemap.xml" "Mozilla/5.0 (Linux; Android 7.0;) AppleWebKit/537.36 (KHTML, like Gecko) Mobile Safari/537.36 (compatible; PetalBot;+https://webmaster.petalsearch.com/site/petalbot)"
66.249.64.96 - - [06/Dec/2025:11:27:56 -0800] "GET /?o=07287156178502 HTTP/1.1" 200 197430 "-" "Mozilla/5.0 (Linux; Android 6.0.1; Nexus 5X Build/MMB29P) AppleWebKit/537.36 (KHTML, like Gecko) Chrome/141.0.7390.122 Mobile Safari/537.36 (compatible; Googlebot/2.1; +http://www.google.com/bot.html)"
114.119.140.87 - - [06/Dec/2025:11:28:19 -0800] "GET /?o=06989177730702 HTTP/1.1" 200 - "https://copeastlegondistrict.org/sitemap.xml" "Mozilla/5.0 (Linux; Android 7.0;) AppleWebKit/537.36 (KHTML, like Gecko) Mobile Safari/537.36 (compatible; PetalBot;+https://webmaster.petalsearch.com/site/petalbot)"
66.249.64.96 - - [06/Dec/2025:11:28:44 -0800] "GET /?o=1042962653004 HTTP/1.1" 200 - "-" "Mozilla/5.0 (Linux; Android 6.0.1; Nexus 5X Build/MMB29P) AppleWebKit/537.36 (KHTML, like Gecko) Chrome/141.0.7390.122 Mobile Safari/537.36 (compatible; GoogleOther)"
66.249.64.96 - - [06/Dec/2025:11:29:19 -0800] "GET /?o=03258243362701 HTTP/1.1" 200 188202 "-" "Mozilla/5.0 (Linux; Android 6.0.1; Nexus 5X Build/MMB29P) AppleWebKit/537.36 (KHTML, like Gecko) Chrome/141.0.7390.122 Mobile Safari/537.36 (compatible; Googlebot/2.1; +http://www.google.com/bot.html)"
114.119.158.203 - - [06/Dec/2025:11:29:43 -0800] "GET /?o=06592268873904 HTTP/1.1" 200 - "https://copeastlegondistrict.org/sitemap.xml" "Mozilla/5.0 (Linux; Android 7.0;) AppleWebKit/537.36 (KHTML, like Gecko) Mobile Safari/537.36 (compatible; PetalBot;+https://webmaster.petalsearch.com/site/petalbot)"
66.249.64.110 - - [06/Dec/2025:11:31:03 -0800] "GET /?o=75826156219400 HTTP/1.1" 200 198849 "-" "Mozilla/5.0 (Linux; Android 6.0.1; Nexus 5X Build/MMB29P) AppleWebKit/537.36 (KHTML, like Gecko) Chrome/141.0.7390.122 Mobile Safari/537.36 (compatible; Googlebot/2.1; +http://www.google.com/bot.html)"
114.119.133.103 - - [06/Dec/2025:11:31:07 -0800] "GET /?o=06292103251009 HTTP/1.1" 200 - "https://copeastlegondistrict.org/sitemap.xml" "Mozilla/5.0 (Linux; Android 7.0;) AppleWebKit/537.36 (KHTML, like Gecko) Mobile Safari/537.36 (compatible; PetalBot;+https://webmaster.petalsearch.com/site/petalbot)"
66.249.64.110 - - [06/Dec/2025:11:31:31 -0800] "GET /?o=2270914376606 HTTP/1.1" 200 - "-" "Mozilla/5.0 (Linux; Android 6.0.1; Nexus 5X Build/MMB29P) AppleWebKit/537.36 (KHTML, like Gecko) Chrome/141.0.7390.122 Mobile Safari/537.36 (compatible; GoogleOther)"
66.249.64.110 - - [06/Dec/2025:11:32:07 -0800] "GET /?o=83313143834000 HTTP/1.1" 200 197834 "-" "Mozilla/5.0 (Linux; Android 6.0.1; Nexus 5X Build/MMB29P) AppleWebKit/537.36 (KHTML, like Gecko) Chrome/141.0.7390.122 Mobile Safari/537.36 (compatible; Googlebot/2.1; +http://www.google.com/bot.html)"
114.119.157.103 - - [06/Dec/2025:11:32:31 -0800] "GET /?o=06153246530200 HTTP/1.1" 200 - "https://copeastlegondistrict.org/sitemap.xml" "Mozilla/5.0 (Linux; Android 7.0;) AppleWebKit/537.36 (KHTML, like Gecko) Mobile Safari/537.36 (compatible; PetalBot;+https://webmaster.petalsearch.com/site/petalbot)"
66.249.64.96 - - [06/Dec/2025:11:32:34 -0800] "GET /?o=03914286093000 HTTP/1.1" 200 - "-" "Mozilla/5.0 (Linux; Android 6.0.1; Nexus 5X Build/MMB29P) AppleWebKit/537.36 (KHTML, like Gecko) Chrome/141.0.7390.122 Mobile Safari/537.36 (compatible; GoogleOther)"
66.249.64.96 - - [06/Dec/2025:11:33:25 -0800] "GET /?o=2765340490002 HTTP/1.1" 200 195062 "-" "Mozilla/5.0 (Linux; Android 6.0.1; Nexus 5X Build/MMB29P) AppleWebKit/537.36 (KHTML, like Gecko) Chrome/141.0.7390.122 Mobile Safari/537.36 (compatible; Googlebot/2.1; +http://www.google.com/bot.html)"
114.119.150.208 - - [06/Dec/2025:11:33:54 -0800] "GET /?o=06100101625401 HTTP/1.1" 200 - "https://copeastlegondistrict.org/sitemap.xml" "Mozilla/5.0 (Linux; Android 7.0;) AppleWebKit/537.36 (KHTML, like Gecko) Mobile Safari/537.36 (compatible; PetalBot;+https://webmaster.petalsearch.com/site/petalbot)"
114.119.150.208 - - [06/Dec/2025:11:35:18 -0800] "GET /?o=05729201820704 HTTP/1.1" 200 - "https://copeastlegondistrict.org/sitemap.xml" "Mozilla/5.0 (Linux; Android 7.0;) AppleWebKit/537.36 (KHTML, like Gecko) Mobile Safari/537.36 (compatible; PetalBot;+https://webmaster.petalsearch.com/site/petalbot)"
66.249.64.96 - - [06/Dec/2025:11:36:25 -0800] "GET /?o=10902130536105 HTTP/1.1" 200 - "-" "Mozilla/5.0 (Linux; Android 6.0.1; Nexus 5X Build/MMB29P) AppleWebKit/537.36 (KHTML, like Gecko) Chrome/141.0.7390.122 Mobile Safari/537.36 (compatible; GoogleOther)"
66.249.64.96 - - [06/Dec/2025:11:36:31 -0800] "GET /?o=49106216009200 HTTP/1.1" 200 198633 "-" "Mozilla/5.0 (Linux; Android 6.0.1; Nexus 5X Build/MMB29P) AppleWebKit/537.36 (KHTML, like Gecko) Chrome/141.0.7390.122 Mobile Safari/537.36 (compatible; Googlebot/2.1; +http://www.google.com/bot.html)"
114.119.151.81 - - [06/Dec/2025:11:36:41 -0800] "GET /?o=05712283380800 HTTP/1.1" 200 - "https://copeastlegondistrict.org/sitemap.xml" "Mozilla/5.0 (Linux; Android 7.0;) AppleWebKit/537.36 (KHTML, like Gecko) Mobile Safari/537.36 (compatible; PetalBot;+https://webmaster.petalsearch.com/site/petalbot)"
44.251.205.178 - - [06/Dec/2025:11:37:03 -0800] "GET / HTTP/1.1" 200 - "-" "Mozilla/5.0 (iPhone; CPU iPhone OS 14_6 like Mac OS X) AppleWebKit/605.1.15 (KHTML, like Gecko) Version/14.0.3 Mobile/15E148 Safari/604.1"
44.251.205.178 - - [06/Dec/2025:11:37:03 -0800] "GET /favicon.ico HTTP/1.1" 200 - "https://copeastlegondistrict.org/" "Mozilla/5.0 (iPhone; CPU iPhone OS 14_6 like Mac OS X) AppleWebKit/605.1.15 (KHTML, like Gecko) Version/14.0.3 Mobile/15E148 Safari/604.1"
114.119.150.208 - - [06/Dec/2025:11:38:04 -0800] "GET /?o=05484137502000 HTTP/1.1" 200 - "https://copeastlegondistrict.org/sitemap.xml" "Mozilla/5.0 (Linux; Android 7.0;) AppleWebKit/537.36 (KHTML, like Gecko) Mobile Safari/537.36 (compatible; PetalBot;+https://webmaster.petalsearch.com/site/petalbot)"
114.119.155.203 - - [06/Dec/2025:11:39:29 -0800] "GET /?o=0479044746602 HTTP/1.1" 200 - "https://copeastlegondistrict.org/sitemap.xml" "Mozilla/5.0 (Linux; Android 7.0;) AppleWebKit/537.36 (KHTML, like Gecko) Mobile Safari/537.36 (compatible; PetalBot;+https://webmaster.petalsearch.com/site/petalbot)"
66.249.64.97 - - [06/Dec/2025:11:40:16 -0800] "GET /?o=61508132141301 HTTP/1.1" 200 - "-" "Mozilla/5.0 (Linux; Android 6.0.1; Nexus 5X Build/MMB29P) AppleWebKit/537.36 (KHTML, like Gecko) Chrome/141.0.7390.122 Mobile Safari/537.36 (compatible; GoogleOther)"
66.249.64.96 - - [06/Dec/2025:11:40:21 -0800] "GET /?o=18010155024404 HTTP/1.1" 200 - "-" "Mozilla/5.0 (Linux; Android 6.0.1; Nexus 5X Build/MMB29P) AppleWebKit/537.36 (KHTML, like Gecko) Chrome/141.0.7390.122 Mobile Safari/537.36 (compatible; GoogleOther)"
66.249.64.110 - - [06/Dec/2025:11:40:25 -0800] "GET /?o=73118266480805 HTTP/1.1" 200 192841 "-" "Mozilla/5.0 (Linux; Android 6.0.1; Nexus 5X Build/MMB29P) AppleWebKit/537.36 (KHTML, like Gecko) Chrome/141.0.7390.122 Mobile Safari/537.36 (compatible; Googlebot/2.1; +http://www.google.com/bot.html)"
114.119.155.203 - - [06/Dec/2025:11:40:52 -0800] "GET /?o=0441943755004 HTTP/1.1" 200 - "https://copeastlegondistrict.org/sitemap.xml" "Mozilla/5.0 (Linux; Android 7.0;) AppleWebKit/537.36 (KHTML, like Gecko) Mobile Safari/537.36 (compatible; PetalBot;+https://webmaster.petalsearch.com/site/petalbot)"
114.119.150.208 - - [06/Dec/2025:11:42:16 -0800] "GET /?o=04109283712400 HTTP/1.1" 200 - "https://copeastlegondistrict.org/sitemap.xml" "Mozilla/5.0 (Linux; Android 7.0;) AppleWebKit/537.36 (KHTML, like Gecko) Mobile Safari/537.36 (compatible; PetalBot;+https://webmaster.petalsearch.com/site/petalbot)"
114.119.133.103 - - [06/Dec/2025:11:43:40 -0800] "GET /?o=03751251822300 HTTP/1.1" 200 - "https://copeastlegondistrict.org/sitemap.xml" "Mozilla/5.0 (Linux; Android 7.0;) AppleWebKit/537.36 (KHTML, like Gecko) Mobile Safari/537.36 (compatible; PetalBot;+https://webmaster.petalsearch.com/site/petalbot)"
66.249.64.110 - - [06/Dec/2025:11:43:49 -0800] "GET /?o=87000126136401 HTTP/1.1" 200 203148 "-" "Mozilla/5.0 (Linux; Android 6.0.1; Nexus 5X Build/MMB29P) AppleWebKit/537.36 (KHTML, like Gecko) Chrome/141.0.7390.122 Mobile Safari/537.36 (compatible; Googlebot/2.1; +http://www.google.com/bot.html)"
66.249.64.110 - - [06/Dec/2025:11:43:50 -0800] "GET /?o=4382134990601 HTTP/1.1" 200 189375 "-" "Mozilla/5.0 (Linux; Android 6.0.1; Nexus 5X Build/MMB29P) AppleWebKit/537.36 (KHTML, like Gecko) Chrome/141.0.7390.122 Mobile Safari/537.36 (compatible; Googlebot/2.1; +http://www.google.com/bot.html)"
66.249.64.97 - - [06/Dec/2025:11:44:07 -0800] "GET /?o=9561451153705 HTTP/1.1" 200 - "-" "Mozilla/5.0 (Linux; Android 6.0.1; Nexus 5X Build/MMB29P) AppleWebKit/537.36 (KHTML, like Gecko) Chrome/141.0.7390.122 Mobile Safari/537.36 (compatible; GoogleOther)"
114.119.150.208 - - [06/Dec/2025:11:45:03 -0800] "GET /?o=03556114398402 HTTP/1.1" 200 - "https://copeastlegondistrict.org/sitemap.xml" "Mozilla/5.0 (Linux; Android 7.0;) AppleWebKit/537.36 (KHTML, like Gecko) Mobile Safari/537.36 (compatible; PetalBot;+https://webmaster.petalsearch.com/site/petalbot)"
66.249.64.110 - - [06/Dec/2025:11:45:07 -0800] "GET /?o=19368186458000 HTTP/1.1" 200 - "-" "Mozilla/5.0 (Linux; Android 6.0.1; Nexus 5X Build/MMB29P) AppleWebKit/537.36 (KHTML, like Gecko) Chrome/141.0.7390.122 Mobile Safari/537.36 (compatible; GoogleOther)"
114.119.140.87 - - [06/Dec/2025:11:46:27 -0800] "GET /?o=03228130992500 HTTP/1.1" 200 - "https://copeastlegondistrict.org/sitemap.xml" "Mozilla/5.0 (Linux; Android 7.0;) AppleWebKit/537.36 (KHTML, like Gecko) Mobile Safari/537.36 (compatible; PetalBot;+https://webmaster.petalsearch.com/site/petalbot)"
66.249.64.110 - - [06/Dec/2025:11:47:21 -0800] "GET /?o=92900282934302 HTTP/1.1" 200 196036 "-" "Mozilla/5.0 (Linux; Android 6.0.1; Nexus 5X Build/MMB29P) AppleWebKit/537.36 (KHTML, like Gecko) Chrome/141.0.7390.122 Mobile Safari/537.36 (compatible; Googlebot/2.1; +http://www.google.com/bot.html)"
57.128.117.142 - - [06/Dec/2025:11:47:24 -0800] "POST /wp-login.php HTTP/1.1" 200 - "-" "Mozilla/5.0 (Windows NT 10.0; Win64; x64; rv:89.0) Gecko/20100101 Firefox/89.0"
114.119.158.203 - - [06/Dec/2025:11:47:51 -0800] "GET /?o=02932286864403 HTTP/1.1" 200 - "https://copeastlegondistrict.org/sitemap.xml" "Mozilla/5.0 (Linux; Android 7.0;) AppleWebKit/537.36 (KHTML, like Gecko) Mobile Safari/537.36 (compatible; PetalBot;+https://webmaster.petalsearch.com/site/petalbot)"
66.249.64.110 - - [06/Dec/2025:11:48:41 -0800] "GET /?o=1208110491700 HTTP/1.1" 200 - "-" "Mozilla/5.0 (Linux; Android 6.0.1; Nexus 5X Build/MMB29P) AppleWebKit/537.36 (KHTML, like Gecko) Chrome/141.0.7390.122 Mobile Safari/537.36 (compatible; GoogleOther)"
114.119.133.103 - - [06/Dec/2025:11:49:15 -0800] "GET /?o=02907125742200 HTTP/1.1" 200 - "https://copeastlegondistrict.org/sitemap.xml" "Mozilla/5.0 (Linux; Android 7.0;) AppleWebKit/537.36 (KHTML, like Gecko) Mobile Safari/537.36 (compatible; PetalBot;+https://webmaster.petalsearch.com/site/petalbot)"
66.249.64.96 - - [06/Dec/2025:11:50:07 -0800] "GET /?o=8752982638805 HTTP/1.1" 200 - "-" "Mozilla/5.0 (Linux; Android 6.0.1; Nexus 5X Build/MMB29P) AppleWebKit/537.36 (KHTML, like Gecko) Chrome/141.0.7390.122 Mobile Safari/537.36 (compatible; GoogleOther)"
114.119.151.107 - - [06/Dec/2025:11:50:38 -0800] "GET /?o=02798103004900 HTTP/1.1" 200 - "https://copeastlegondistrict.org/sitemap.xml" "Mozilla/5.0 (Linux; Android 7.0;) AppleWebKit/537.36 (KHTML, like Gecko) Mobile Safari/537.36 (compatible; PetalBot;+https://webmaster.petalsearch.com/site/petalbot)"
66.249.64.97 - - [06/Dec/2025:11:51:18 -0800] "GET /?o=2809032095407 HTTP/1.1" 200 193525 "-" "Mozilla/5.0 (Linux; Android 6.0.1; Nexus 5X Build/MMB29P) AppleWebKit/537.36 (KHTML, like Gecko) Chrome/141.0.7390.122 Mobile Safari/537.36 (compatible; Googlebot/2.1; +http://www.google.com/bot.html)"
114.119.151.107 - - [06/Dec/2025:11:52:01 -0800] "GET /?o=0278763704802 HTTP/1.1" 200 - "https://copeastlegondistrict.org/sitemap.xml" "Mozilla/5.0 (Linux; Android 7.0;) AppleWebKit/537.36 (KHTML, like Gecko) Mobile Safari/537.36 (compatible; PetalBot;+https://webmaster.petalsearch.com/site/petalbot)"
66.249.64.96 - - [06/Dec/2025:11:52:51 -0800] "GET /?o=90650194457802 HTTP/1.1" 200 - "-" "Mozilla/5.0 (Linux; Android 6.0.1; Nexus 5X Build/MMB29P) AppleWebKit/537.36 (KHTML, like Gecko) Chrome/141.0.7390.122 Mobile Safari/537.36 (compatible; GoogleOther)"
114.119.157.103 - - [06/Dec/2025:11:53:26 -0800] "GET /?o=02720127354003 HTTP/1.1" 200 - "https://copeastlegondistrict.org/sitemap.xml" "Mozilla/5.0 (Linux; Android 7.0;) AppleWebKit/537.36 (KHTML, like Gecko) Mobile Safari/537.36 (compatible; PetalBot;+https://webmaster.petalsearch.com/site/petalbot)"
40.77.167.159 - - [06/Dec/2025:11:54:07 -0800] "GET /sitemap.xml.gz HTTP/1.1" 200 202231 "-" "Mozilla/5.0 AppleWebKit/537.36 (KHTML, like Gecko; compatible; bingbot/2.0; +http://www.bing.com/bingbot.htm) Chrome/116.0.1938.76 Safari/537.36"
114.119.151.107 - - [06/Dec/2025:11:54:49 -0800] "GET /?o=0270319840802 HTTP/1.1" 200 - "https://copeastlegondistrict.org/sitemap.xml" "Mozilla/5.0 (Linux; Android 7.0;) AppleWebKit/537.36 (KHTML, like Gecko) Mobile Safari/537.36 (compatible; PetalBot;+https://webmaster.petalsearch.com/site/petalbot)"
66.249.64.110 - - [06/Dec/2025:11:56:07 -0800] "GET /?o=57901172801405 HTTP/1.1" 200 - "-" "Mozilla/5.0 (Linux; Android 6.0.1; Nexus 5X Build/MMB29P) AppleWebKit/537.36 (KHTML, like Gecko) Chrome/141.0.7390.122 Mobile Safari/537.36 (compatible; GoogleOther)"
114.119.151.81 - - [06/Dec/2025:11:56:12 -0800] "GET /?o=02693183162800 HTTP/1.1" 200 - "https://copeastlegondistrict.org/sitemap.xml" "Mozilla/5.0 (Linux; Android 7.0;) AppleWebKit/537.36 (KHTML, like Gecko) Mobile Safari/537.36 (compatible; PetalBot;+https://webmaster.petalsearch.com/site/petalbot)"
66.249.64.97 - - [06/Dec/2025:11:57:01 -0800] "GET /?o=60510255752800 HTTP/1.1" 200 - "-" "Mozilla/5.0 (Linux; Android 6.0.1; Nexus 5X Build/MMB29P) AppleWebKit/537.36 (KHTML, like Gecko) Chrome/141.0.7390.122 Mobile Safari/537.36 (compatible; GoogleOther)"
114.119.140.87 - - [06/Dec/2025:11:57:36 -0800] "GET /?o=02683163576803 HTTP/1.1" 200 - "https://copeastlegondistrict.org/sitemap.xml" "Mozilla/5.0 (Linux; Android 7.0;) AppleWebKit/537.36 (KHTML, like Gecko) Mobile Safari/537.36 (compatible; PetalBot;+https://webmaster.petalsearch.com/site/petalbot)"
114.119.151.81 - - [06/Dec/2025:11:59:00 -0800] "GET /?o=02626169362500 HTTP/1.1" 200 - "https://copeastlegondistrict.org/sitemap.xml" "Mozilla/5.0 (Linux; Android 7.0;) AppleWebKit/537.36 (KHTML, like Gecko) Mobile Safari/537.36 (compatible; PetalBot;+https://webmaster.petalsearch.com/site/petalbot)"
114.119.133.103 - - [06/Dec/2025:12:00:23 -0800] "GET /?o=02489190265301 HTTP/1.1" 200 - "https://copeastlegondistrict.org/sitemap.xml" "Mozilla/5.0 (Linux; Android 7.0;) AppleWebKit/537.36 (KHTML, like Gecko) Mobile Safari/537.36 (compatible; PetalBot;+https://webmaster.petalsearch.com/site/petalbot)"
66.249.64.96 - - [06/Dec/2025:12:01:11 -0800] "GET /?o=0109772178407 HTTP/1.1" 200 - "-" "Mozilla/5.0 (Linux; Android 6.0.1; Nexus 5X Build/MMB29P) AppleWebKit/537.36 (KHTML, like Gecko) Chrome/141.0.7390.122 Mobile Safari/537.36 (compatible; GoogleOther)"
114.119.157.103 - - [06/Dec/2025:12:01:47 -0800] "GET /?o=0247875409800 HTTP/1.1" 200 - "https://copeastlegondistrict.org/sitemap.xml" "Mozilla/5.0 (Linux; Android 7.0;) AppleWebKit/537.36 (KHTML, like Gecko) Mobile Safari/537.36 (compatible; PetalBot;+https://webmaster.petalsearch.com/site/petalbot)"
66.249.64.96 - - [06/Dec/2025:12:02:07 -0800] "GET /?o=72181226652700 HTTP/1.1" 200 - "-" "Mozilla/5.0 (Linux; Android 6.0.1; Nexus 5X Build/MMB29P) AppleWebKit/537.36 (KHTML, like Gecko) Chrome/141.0.7390.122 Mobile Safari/537.36 (compatible; GoogleOther)"
114.119.155.203 - - [06/Dec/2025:12:03:11 -0800] "GET /?o=022003392603 HTTP/1.1" 200 - "https://copeastlegondistrict.org/sitemap.xml" "Mozilla/5.0 (Linux; Android 7.0;) AppleWebKit/537.36 (KHTML, like Gecko) Mobile Safari/537.36 (compatible; PetalBot;+https://webmaster.petalsearch.com/site/petalbot)"
66.249.64.110 - - [06/Dec/2025:12:03:50 -0800] "GET /?o=5988130806302 HTTP/1.1" 200 197153 "-" "Mozilla/5.0 (Linux; Android 6.0.1; Nexus 5X Build/MMB29P) AppleWebKit/537.36 (KHTML, like Gecko) Chrome/141.0.7390.122 Mobile Safari/537.36 (compatible; Googlebot/2.1; +http://www.google.com/bot.html)"
114.119.158.203 - - [06/Dec/2025:12:04:34 -0800] "GET /?o=02061273769205 HTTP/1.1" 200 - "https://copeastlegondistrict.org/sitemap.xml" "Mozilla/5.0 (Linux; Android 7.0;) AppleWebKit/537.36 (KHTML, like Gecko) Mobile Safari/537.36 (compatible; PetalBot;+https://webmaster.petalsearch.com/site/petalbot)"
66.249.64.97 - - [06/Dec/2025:12:05:21 -0800] "GET /?o=3313629748401 HTTP/1.1" 200 - "-" "Mozilla/5.0 (Linux; Android 6.0.1; Nexus 5X Build/MMB29P) AppleWebKit/537.36 (KHTML, like Gecko) Chrome/141.0.7390.122 Mobile Safari/537.36 (compatible; GoogleOther)"
114.119.157.103 - - [06/Dec/2025:12:05:58 -0800] "GET /?o=018718134205 HTTP/1.1" 200 - "https://copeastlegondistrict.org/sitemap.xml" "Mozilla/5.0 (Linux; Android 7.0;) AppleWebKit/537.36 (KHTML, like Gecko) Mobile Safari/537.36 (compatible; PetalBot;+https://webmaster.petalsearch.com/site/petalbot)"
114.119.158.203 - - [06/Dec/2025:12:07:21 -0800] "GET /?o=0180924299500 HTTP/1.1" 200 - "https://copeastlegondistrict.org/sitemap.xml" "Mozilla/5.0 (Linux; Android 7.0;) AppleWebKit/537.36 (KHTML, like Gecko) Mobile Safari/537.36 (compatible; PetalBot;+https://webmaster.petalsearch.com/site/petalbot)"
66.249.64.96 - - [06/Dec/2025:12:08:07 -0800] "GET /?o=40861266354901 HTTP/1.1" 200 - "-" "Mozilla/5.0 (Linux; Android 6.0.1; Nexus 5X Build/MMB29P) AppleWebKit/537.36 (KHTML, like Gecko) Chrome/141.0.7390.122 Mobile Safari/537.36 (compatible; GoogleOther)"
114.119.133.103 - - [06/Dec/2025:12:08:46 -0800] "GET /?o=01741224548607 HTTP/1.1" 200 - "https://copeastlegondistrict.org/sitemap.xml" "Mozilla/5.0 (Linux; Android 7.0;) AppleWebKit/537.36 (KHTML, like Gecko) Mobile Safari/537.36 (compatible; PetalBot;+https://webmaster.petalsearch.com/site/petalbot)"
114.119.151.107 - - [06/Dec/2025:12:10:09 -0800] "GET /?o=01212150883200 HTTP/1.1" 200 - "https://copeastlegondistrict.org/sitemap.xml" "Mozilla/5.0 (Linux; Android 7.0;) AppleWebKit/537.36 (KHTML, like Gecko) Mobile Safari/537.36 (compatible; PetalBot;+https://webmaster.petalsearch.com/site/petalbot)"
114.119.151.107 - - [06/Dec/2025:12:11:32 -0800] "GET /?o=0101155121506 HTTP/1.1" 200 - "https://copeastlegondistrict.org/sitemap.xml" "Mozilla/5.0 (Linux; Android 7.0;) AppleWebKit/537.36 (KHTML, like Gecko) Mobile Safari/537.36 (compatible; PetalBot;+https://webmaster.petalsearch.com/site/petalbot)"
66.249.64.110 - - [06/Dec/2025:12:12:43 -0800] "GET /?o=7888883087803 HTTP/1.1" 200 193784 "-" "Mozilla/5.0 (Linux; Android 6.0.1; Nexus 5X Build/MMB29P) AppleWebKit/537.36 (KHTML, like Gecko) Chrome/141.0.7390.122 Mobile Safari/537.36 (compatible; Googlebot/2.1; +http://www.google.com/bot.html)"
114.119.157.103 - - [06/Dec/2025:12:12:56 -0800] "GET /?o=00997164253501 HTTP/1.1" 200 - "https://copeastlegondistrict.org/sitemap.xml" "Mozilla/5.0 (Linux; Android 7.0;) AppleWebKit/537.36 (KHTML, like Gecko) Mobile Safari/537.36 (compatible; PetalBot;+https://webmaster.petalsearch.com/site/petalbot)"
66.249.64.96 - - [06/Dec/2025:12:13:41 -0800] "GET /?o=01776193392206 HTTP/1.1" 200 - "-" "Mozilla/5.0 (Linux; Android 6.0.1; Nexus 5X Build/MMB29P) AppleWebKit/537.36 (KHTML, like Gecko) Chrome/141.0.7390.122 Mobile Safari/537.36 (compatible; GoogleOther)"
66.249.64.96 - - [06/Dec/2025:12:14:07 -0800] "GET /?o=28402252038101 HTTP/1.1" 200 - "-" "Mozilla/5.0 (Linux; Android 6.0.1; Nexus 5X Build/MMB29P) AppleWebKit/537.36 (KHTML, like Gecko) Chrome/141.0.7390.122 Mobile Safari/537.36 (compatible; GoogleOther)"
114.119.151.81 - - [06/Dec/2025:12:14:21 -0800] "GET /?o=0083939285301 HTTP/1.1" 200 - "https://copeastlegondistrict.org/sitemap.xml" "Mozilla/5.0 (Linux; Android 7.0;) AppleWebKit/537.36 (KHTML, like Gecko) Mobile Safari/537.36 (compatible; PetalBot;+https://webmaster.petalsearch.com/site/petalbot)"
114.119.150.208 - - [06/Dec/2025:12:15:44 -0800] "GET /?o=0059236336904 HTTP/1.1" 200 - "https://copeastlegondistrict.org/sitemap.xml" "Mozilla/5.0 (Linux; Android 7.0;) AppleWebKit/537.36 (KHTML, like Gecko) Mobile Safari/537.36 (compatible; PetalBot;+https://webmaster.petalsearch.com/site/petalbot)"
114.119.158.203 - - [06/Dec/2025:12:17:08 -0800] "GET /?o=00578235633603 HTTP/1.1" 200 - "https://copeastlegondistrict.org/sitemap.xml" "Mozilla/5.0 (Linux; Android 7.0;) AppleWebKit/537.36 (KHTML, like Gecko) Mobile Safari/537.36 (compatible; PetalBot;+https://webmaster.petalsearch.com/site/petalbot)"
66.249.64.97 - - [06/Dec/2025:12:17:51 -0800] "GET /?o=54174246337403 HTTP/1.1" 200 - "-" "Mozilla/5.0 (Linux; Android 6.0.1; Nexus 5X Build/MMB29P) AppleWebKit/537.36 (KHTML, like Gecko) Chrome/141.0.7390.122 Mobile Safari/537.36 (compatible; GoogleOther)"
114.119.151.107 - - [06/Dec/2025:12:18:31 -0800] "GET /?o=00559230835004 HTTP/1.1" 200 - "https://copeastlegondistrict.org/sitemap.xml" "Mozilla/5.0 (Linux; Android 7.0;) AppleWebKit/537.36 (KHTML, like Gecko) Mobile Safari/537.36 (compatible; PetalBot;+https://webmaster.petalsearch.com/site/petalbot)"
114.119.151.107 - - [06/Dec/2025:12:19:55 -0800] "GET /?o=00239212904201 HTTP/1.1" 200 - "https://copeastlegondistrict.org/sitemap.xml" "Mozilla/5.0 (Linux; Android 7.0;) AppleWebKit/537.36 (KHTML, like Gecko) Mobile Safari/537.36 (compatible; PetalBot;+https://webmaster.petalsearch.com/site/petalbot)"
66.249.64.97 - - [06/Dec/2025:12:20:07 -0800] "GET /?o=72107198556103 HTTP/1.1" 200 - "-" "Mozilla/5.0 (Linux; Android 6.0.1; Nexus 5X Build/MMB29P) AppleWebKit/537.36 (KHTML, like Gecko) Chrome/141.0.7390.122 Mobile Safari/537.36 (compatible; GoogleOther)"
114.119.151.81 - - [06/Dec/2025:12:21:18 -0800] "GET /?o=00224196429502 HTTP/1.1" 200 - "https://copeastlegondistrict.org/sitemap.xml" "Mozilla/5.0 (Linux; Android 7.0;) AppleWebKit/537.36 (KHTML, like Gecko) Mobile Safari/537.36 (compatible; PetalBot;+https://webmaster.petalsearch.com/site/petalbot)"
66.249.64.96 - - [06/Dec/2025:12:22:01 -0800] "GET /?o=3054175104405 HTTP/1.1" 200 - "-" "Mozilla/5.0 (Linux; Android 6.0.1; Nexus 5X Build/MMB29P) AppleWebKit/537.36 (KHTML, like Gecko) Chrome/141.0.7390.122 Mobile Safari/537.36 (compatible; GoogleOther)"
114.119.155.203 - - [06/Dec/2025:12:22:42 -0800] "GET /?o=00029188151903 HTTP/1.1" 200 - "https://copeastlegondistrict.org/sitemap.xml" "Mozilla/5.0 (Linux; Android 7.0;) AppleWebKit/537.36 (KHTML, like Gecko) Mobile Safari/537.36 (compatible; PetalBot;+https://webmaster.petalsearch.com/site/petalbot)"
66.249.64.110 - - [06/Dec/2025:12:26:07 -0800] "GET /?o=66962272746401 HTTP/1.1" 200 - "-" "Mozilla/5.0 (Linux; Android 6.0.1; Nexus 5X Build/MMB29P) AppleWebKit/537.36 (KHTML, like Gecko) Chrome/141.0.7390.122 Mobile Safari/537.36 (compatible; GoogleOther)"
66.249.64.110 - - [06/Dec/2025:12:26:11 -0800] "GET /?o=22131280333704 HTTP/1.1" 200 - "-" "Mozilla/5.0 (Linux; Android 6.0.1; Nexus 5X Build/MMB29P) AppleWebKit/537.36 (KHTML, like Gecko) Chrome/141.0.7390.122 Mobile Safari/537.36 (compatible; GoogleOther)"
66.249.64.96 - - [06/Dec/2025:12:30:21 -0800] "GET /?o=4922212734800 HTTP/1.1" 200 - "-" "Mozilla/5.0 (Linux; Android 6.0.1; Nexus 5X Build/MMB29P) AppleWebKit/537.36 (KHTML, like Gecko) Chrome/141.0.7390.122 Mobile Safari/537.36 (compatible; GoogleOther)"
66.249.64.97 - - [06/Dec/2025:12:32:07 -0800] "GET /?o=8252946603500 HTTP/1.1" 200 - "-" "Mozilla/5.0 (Linux; Android 6.0.1; Nexus 5X Build/MMB29P) AppleWebKit/537.36 (KHTML, like Gecko) Chrome/141.0.7390.122 Mobile Safari/537.36 (compatible; GoogleOther)"
66.249.64.110 - - [06/Dec/2025:12:33:18 -0800] "GET /?o=39053223385206 HTTP/1.1" 200 192685 "-" "Mozilla/5.0 (Linux; Android 6.0.1; Nexus 5X Build/MMB29P) AppleWebKit/537.36 (KHTML, like Gecko) Chrome/141.0.7390.122 Mobile Safari/537.36 (compatible; Googlebot/2.1; +http://www.google.com/bot.html)"
66.249.64.97 - - [06/Dec/2025:12:34:31 -0800] "GET /?o=12950198470007 HTTP/1.1" 200 - "-" "Mozilla/5.0 (Linux; Android 6.0.1; Nexus 5X Build/MMB29P) AppleWebKit/537.36 (KHTML, like Gecko) Chrome/141.0.7390.122 Mobile Safari/537.36 (compatible; GoogleOther)"
66.249.64.110 - - [06/Dec/2025:12:38:07 -0800] "GET /?o=78202281784201 HTTP/1.1" 200 - "-" "Mozilla/5.0 (Linux; Android 6.0.1; Nexus 5X Build/MMB29P) AppleWebKit/537.36 (KHTML, like Gecko) Chrome/141.0.7390.122 Mobile Safari/537.36 (compatible; GoogleOther)"
66.249.64.96 - - [06/Dec/2025:12:38:41 -0800] "GET /?o=0112924332906 HTTP/1.1" 200 - "-" "Mozilla/5.0 (Linux; Android 6.0.1; Nexus 5X Build/MMB29P) AppleWebKit/537.36 (KHTML, like Gecko) Chrome/141.0.7390.122 Mobile Safari/537.36 (compatible; GoogleOther)"
172.96.190.78 - - [06/Dec/2025:12:38:56 -0800] "GET /.vscode/sftp.json HTTP/1.1" 200 - "https://www.google.com/" "Mozilla/5.0 (Macintosh; Intel Mac OS X 10.15; rv:141.0) Gecko/20100101 Firefox/141.0"
66.249.64.96 - - [06/Dec/2025:12:39:34 -0800] "GET /?o=2259478636203 HTTP/1.1" 200 197784 "-" "Mozilla/5.0 (Linux; Android 6.0.1; Nexus 5X Build/MMB29P) AppleWebKit/537.36 (KHTML, like Gecko) Chrome/141.0.7390.122 Mobile Safari/537.36 (compatible; Googlebot/2.1; +http://www.google.com/bot.html)"
66.249.64.97 - - [06/Dec/2025:12:41:20 -0800] "GET /?o=4219255785800 HTTP/1.1" 200 193849 "-" "Mozilla/5.0 (Linux; Android 6.0.1; Nexus 5X Build/MMB29P) AppleWebKit/537.36 (KHTML, like Gecko) Chrome/141.0.7390.122 Mobile Safari/537.36 (compatible; Googlebot/2.1; +http://www.google.com/bot.html)"
66.249.64.110 - - [06/Dec/2025:12:42:51 -0800] "GET /?o=90850179217603 HTTP/1.1" 200 - "-" "Mozilla/5.0 (Linux; Android 6.0.1; Nexus 5X Build/MMB29P) AppleWebKit/537.36 (KHTML, like Gecko) Chrome/141.0.7390.122 Mobile Safari/537.36 (compatible; GoogleOther)"
66.249.64.96 - - [06/Dec/2025:12:44:07 -0800] "GET /?o=36432169730306 HTTP/1.1" 200 - "-" "Mozilla/5.0 (Linux; Android 6.0.1; Nexus 5X Build/MMB29P) AppleWebKit/537.36 (KHTML, like Gecko) Chrome/141.0.7390.122 Mobile Safari/537.36 (compatible; GoogleOther)"
66.249.64.97 - - [06/Dec/2025:12:45:37 -0800] "GET /?o=0161285061203 HTTP/1.1" 200 197348 "-" "Mozilla/5.0 (Linux; Android 6.0.1; Nexus 5X Build/MMB29P) AppleWebKit/537.36 (KHTML, like Gecko) Chrome/141.0.7390.122 Mobile Safari/537.36 (compatible; Googlebot/2.1; +http://www.google.com/bot.html)"
66.249.64.110 - - [06/Dec/2025:12:47:01 -0800] "GET /?o=2961866924009 HTTP/1.1" 200 - "-" "Mozilla/5.0 (Linux; Android 6.0.1; Nexus 5X Build/MMB29P) AppleWebKit/537.36 (KHTML, like Gecko) Chrome/141.0.7390.122 Mobile Safari/537.36 (compatible; GoogleOther)"
66.249.64.97 - - [06/Dec/2025:12:48:35 -0800] "GET /?o=9957861193003 HTTP/1.1" 200 - "-" "Mozilla/5.0 (Linux; Android 6.0.1; Nexus 5X Build/MMB29P) AppleWebKit/537.36 (KHTML, like Gecko) Chrome/141.0.7390.122 Mobile Safari/537.36 (compatible; GoogleOther)"
66.249.64.110 - - [06/Dec/2025:12:50:07 -0800] "GET /?o=91088247179203 HTTP/1.1" 200 - "-" "Mozilla/5.0 (Linux; Android 6.0.1; Nexus 5X Build/MMB29P) AppleWebKit/537.36 (KHTML, like Gecko) Chrome/141.0.7390.122 Mobile Safari/537.36 (compatible; GoogleOther)"
66.249.64.110 - - [06/Dec/2025:12:51:25 -0800] "GET /?o=20348216387109 HTTP/1.1" 200 - "-" "Mozilla/5.0 (Linux; Android 6.0.1; Nexus 5X Build/MMB29P) AppleWebKit/537.36 (KHTML, like Gecko) Chrome/141.0.7390.122 Mobile Safari/537.36 (compatible; GoogleOther)"
66.249.64.97 - - [06/Dec/2025:12:52:21 -0800] "GET /?o=69320136743101 HTTP/1.1" 200 201594 "-" "Mozilla/5.0 (Linux; Android 6.0.1; Nexus 5X Build/MMB29P) AppleWebKit/537.36 (KHTML, like Gecko) Chrome/141.0.7390.122 Mobile Safari/537.36 (compatible; Googlebot/2.1; +http://www.google.com/bot.html)"
